alculate the remainder when 100443 is divided by 14.
7
Calculate the remainder when 5610 is divided by 89.
3
What is the remainder when 1325 is divided by 79?
61
What is the remainder when 4601 is divided by 15?
11
Calculate the remainder when 2624 is divided by 405.
194
What is the remainder when 173381 is divided by 96?
5
Calculate the remainder when 46138 is divided by 355.
343
Calculate the remainder when 4060 is divided by 131.
130
What is the remainder when 5680937 is divided by 593?
590
Calculate the remainder when 154416 is divided by 25725.
66
What is the remainder when 85044 is divided by 22?
14
Calculate the remainder when 4595 is divided by 339.
188
What is the remainder when 27668 is divided by 615?
608
What is the remainder when 2768 is divided by 354?
290
What is the remainder when 1199 is divided by 390?
29
What is the remainder when 9538 is divided by 4?
2
Calculate the remainder when 6365 is divided by 289.
7
What is the remainder when 33441 is divided by 33410?
31
Calculate the remainder when 103359 is divided by 321.
318
What is the remainder when 5486 is divided by 1095?
11
What is the remainder when 4257 is divided by 1218?
603
What is the remainder when 107670 is divided by 429?
420
Calculate the remainder when 261151 is divided by 65286.
7
Calculate the remainder when 257039 is divided by 170.
169
Calculate the remainder when 21117 is divided by 132.
129
What is the remainder when 2231 is divided by 725?
56
Calculate the remainder when 33796 is divided by 46.
32
Calculate the remainder when 30512 is divided by 284.
124
What is the remainder when 3621406 is divided by 952?
950
What is the remainder when 67730 is divided by 372?
26
What is the remainder when 7867 is divided by 647?
103
What is the remainder when 45557 is divided by 128?
117
What is the remainder when 3571 is divided by 80?
51
Calculate the remainder when 611 is divided by 29.
2
Calculate the remainder when 52578 is divided by 44.
42
Calculate the remainder when 5210 is divided by 1736.
2
Calculate the remainder when 1054438 is divided by 360.
358
Calculate the remainder when 1196290 is divided by 458.
452
What is the remainder when 2725 is divided by 13?
8
What is the remainder when 4532598 is divided by 20?
18
What is the remainder when 3352 is divided by 6?
4
Calculate the remainder when 13393 is divided by 573.
214
What is the remainder when 14693 is divided by 7340?
13
What is the remainder when 111900 is divided by 989?
143
What is the remainder when 1402 is divided by 23?
22
What is the remainder when 31738 is divided by 1135?
1093
What is the remainder when 5622 is divided by 2673?
276
Calculate the remainder when 318922 is divided by 869.
868
Calculate the remainder when 10701 is divided by 94.
79
What is the remainder when 5145 is divided by 1466?
747
Calculate the remainder when 1808 is divided by 447.
20
Calculate the remainder when 243850 is divided by 8708.
26
Calculate the remainder when 744 is divided by 702.
42
What is the remainder when 2308 is divided by 71?
36
Calculate the remainder when 9256 is divided by 119.
93
What is the remainder when 1864942 is divided by 621645?
7
Calculate the remainder when 7875 is divided by 111.
105
What is the remainder when 331959 is divided by 215?
214
What is the remainder when 920988 is divided by 413?
411
Calculate the remainder when 3937 is divided by 298.
63
What is the remainder when 4863 is divided by 7?
5
What is the remainder when 570897 is divided by 150?
147
Calculate the remainder when 1300 is divided by 40.
20
Calculate the remainder when 1643 is divided by 338.
291
Calculate the remainder when 10278 is divided by 251.
238
What is the remainder when 8844 is divided by 973?
87
What is the remainder when 64206 is divided by 174?
0
What is the remainder when 22367 is divided by 79?
10
What is the remainder when 2615 is divided by 46?
39
What is the remainder when 71875 is divided by 430?
65
Calculate the remainder when 4498 is divided by 122.
106
Calculate the remainder when 8344 is divided by 23.
18
What is the remainder when 6858 is divided by 8?
2
What is the remainder when 7149 is divided by 1020?
9
What is the remainder when 6023 is divided by 37?
29
Calculate the remainder when 129172 is divided by 43026.
94
What is the remainder when 92393 is divided by 57?
53
What is the remainder when 112636 is divided by 63?
55
Calculate the remainder when 2993 is divided by 794.
611
Calculate the remainder when 838956 is divided by 332.
324
What is the remainder when 10392 is divided by 744?
720
What is the remainder when 241 is divided by 121?
120
What is the remainder when 8308 is divided by 801?
298
What is the remainder when 29225 is divided by 2435?
5
Calculate the remainder when 19901 is divided by 131.
120
What is the remainder when 250248 is divided by 550?
548
Calculate the remainder when 5760 is divided by 386.
356
What is the remainder when 1066 is divided by 340?
46
What is the remainder when 41907 is divided by 19?
12
Calculate the remainder when 33655 is divided by 122.
105
Calculate the remainder when 64858 is divided by 64821.
37
Calculate the remainder when 34037 is divided by 193.
69
Calculate the remainder when 325 is divided by 97.
34
What is the remainder when 21241 is divided by 13?
12
What is the remainder when 383926 is divided by 120?
46
Calculate the remainder when 6584 is divided by 822.
8
What is the remainder when 4759 is divided by 17?
16
Calculate the remainder when 1702358 is divided by 567451.
5
What is the remainder when 1742734 is divided by 12?
10
What is the remainder when 4768 is divided by 2377?
14
What is the remainder when 9510 is divided by 2291?
346
Calculate the remainder when 5286 is divided by 586.
12
What is the remainder when 167248 is divided by 10?
8
Calculate the remainder when 8657 is divided by 37.
36
Calculate the remainder when 6507 is divided by 2164.
15
Calculate the remainder when 13777 is divided by 289.
194
Calculate the remainder when 6047 is divided by 1209.
2
Calculate the remainder when 366844 is divided by 5.
4
Calculate the remainder when 185201 is divided by 158.
25
Calculate the remainder when 1992 is divided by 1906.
86
What is the remainder when 766826 is divided by 15?
11
Calculate the remainder when 138023 is divided by 69008.
7
What is the remainder when 816889 is divided by 1038?
1021
What is the remainder when 1031997 is divided by 343997?
6
What is the remainder when 17791 is divided by 5?
1
Calculate the remainder when 38390 is divided by 190.
10
Calculate the remainder when 7538 is divided by 2124.
1166
Calculate the remainder when 3092 is divided by 306.
32
What is the remainder when 1381 is divided by 172?
5
What is the remainder when 2030382 is divided by 951?
948
What is the remainder when 15065 is divided by 76?
17
What is the remainder when 49378 is divided by 60?
58
Calculate the remainder when 80186 is divided by 765.
626
Calculate the remainder when 39644 is divided by 38.
10
Calculate the remainder when 465 is divided by 180.
105
Calculate the remainder when 32683 is divided by 1420.
23
Calculate the remainder when 1339858 is divided by 652.
650
Calculate the remainder when 624368 is divided by 58.
56
What is the remainder when 601 is divided by 42?
13
Calculate the remainder when 26329 is divided by 399.
394
What is the remainder when 189757 is divided by 94833?
91
What is the remainder when 34343 is divided by 414?
395
What is the remainder when 149544 is divided by 11?
10
What is the remainder when 25169 is divided by 39?
14
Calculate the remainder when 267094 is divided by 6.
4
Calculate the remainder when 43226 is divided by 14373.
107
Calculate the remainder when 580714 is divided by 290351.
12
What is the remainder when 100071 is divided by 33353?
12
Calculate the remainder when 115418 is divided by 489.
14
Calculate the remainder when 140708 is divided by 7035.
8
What is the remainder when 345494 is divided by 86372?
6
Calculate the remainder when 314061 is divided by 27.
24
Calculate the remainder when 38469 is divided by 4796.
101
Calculate the remainder when 29850 is divided by 9947.
9
Calculate the remainder when 8561 is divided by 136.
129
Calculate the remainder when 326267 is divided by 54.
53
